it of j/5 + 17/5?
3
Suppose 2*k = -4*r + 4 + 2, -k = 1. Suppose m = r*m. Suppose -4 = -2*j - m. What is the units digit of j?
2
Let g(r) = r**2 + r + 2. Let k be g(0). Let m(l) = -9*l - 7*l**2 + 0*l**3 - l**3 - 4*l**k + 12. What is the units digit of m(-10)?
2
Suppose -7*t + 6*t = -5. Suppose 3*b + 4*n - 64 = -0*n, -3*n - 68 = -t*b. What is the units digit of b?
6
Suppose 0 = -5*c - 2*q + 8, -2*q + 5*q - 12 = 0. Let t = c + 2. What is the units digit of t?
2
Suppose 2 - 4 = -2*a. Let w(j) = 9*j - 13. Let n(z) = -4*z + 7. Let b(u) = 11*n(u) + 6*w(u). What is the units digit of b(a)?
9
Suppose -38 = -k - 2*i, 3*k + 5*i + 16 = 130. What is the units digit of k?
8
Let z be -8*(1 + 6/(-4)). Let g(x) = -x**2 - 11*x - 5. Let m be g(-8). Suppose 61 = 5*v - z*p, -4*v + p + m + 21 = 0. What is the units digit of v?
9
Let l(n) = n**3 - 5*n**2 - n + 4. Let a be l(5). Let d = a - -8. Suppose -3 = -2*g + i + d, -3*i = 12. What is the units digit of g?
3
Let s(f) = -2*f - 2*f + 2*f**2 + 0*f**2 - 2 + 0*f**2. Suppose -v = -2 - 2. What is the units digit of s(v)?
4
Let g = -55 - -93. Suppose -2*w = -3*f + g, -1 = f - 3*w - 23. Suppose 0*p + 2*p = f. What is the units digit of p?
5
Suppose 3*m - 2*d - 10 = 0, 12 = 4*m - 4*d + d. Let n(k) = -k**2 + 5*k + 6. Let i be n(m). Suppose i = -3*r - 2*r + 15. What is the units digit of r?
3
Let c(u) = 27*u**2 - 4*u - 6. What is the hundreds digit of c(-2)?
1
Let a(t) = -2*t**3 + t**2 - 11*t - 5. What is the units digit of a(-4)?
3
Let i = -35 + 101. What is the units digit of i?
6
Suppose 2 = 4*t - 2. Suppose -5*n = -2*z - 8, 14 = -3*n - 3*z + 2. Let f = n + t. What is the units digit of f?
1
Suppose -2 = -3*l + 2*b, 2 = 4*l - 5*b + 4. Suppose -15 = -l*c + 19. What is the tens digit of c?
1
Suppose -439 = -6*u - 169. What is the tens digit of u?
4
What is the units digit of ((-105)/20)/(3/(-12))?
1
Let f be 0 + 13 - -3 - 1. Suppose 0*z = z - f. What is the units digit of z?
5
Suppose 0 = 2*r + 3*r - 2*d - 12, -2*d = -r + 4. Let q be 0/((2*-1)/2). Suppose -r*j - 3 + 27 = q. What is the units digit of j?
2
Let j be (-70)/12 + (-2)/12. Let f be (17/(-2))/(3/j). Suppose -4*x + 19 = -f. What is the units digit of x?
9
Let i be (5 - 2)*(0 + -7). Let v = i - -30. What is the units digit of v?
9
What is the tens digit of (-94)/(-2) + 4 + -9?
4
Let w(m) = 62*m**3 + 2*m**2 - 1. What is the units digit of w(1)?
3
Let v = 23 - -179. What is the tens digit of v?
0
Let x(v) = -4*v - 2*v**2 + 11*v + 1 + v**2. What is the units digit of x(7)?
1
Let g = 3 - 4. Let t(l) = -l**3 + 9*l**2 - 8*l - 1. Let k(p) = -p**2 - 1. Let s(v) = g*k(v) + t(v). What is the units digit of s(9)?
9
Let h = -10 + 65. What is the units digit of h?
5
Let a(s) = s**2 + 10*s + 11. Let f be a(-8). Let o = 8 + f. Suppose 6 = o*d - d. What is the units digit of d?
3
Let u(w) = 11*w**2 + 9*w + 15. What is the hundreds digit of u(-4)?
1
Let r(v) = v - 1. Let t be r(4). Suppose 5*i = t*y + 88, 5*i = 5*y + 104 - 14. What is the units digit of i?
7
Let v(y) = 10*y**2 + y - 1. Let d be (5/(-2))/5*-2. What is the tens digit of v(d)?
1
Let t = -7 - -12. Suppose 14 = -t*k + b + 2, 3*k + 16 = 5*b. What is the units digit of k/3 - (-40)/6?
6
Let h(k) = -k**3 - 4*k**2 - 3*k + 3. Let g be h(-3). Suppose 83 = g*w + 5*q, -4*w - 5*q + 118 = -2*q. What is the units digit of w?
1
Let y(q) = q**3 - q - 2. Let i be y(2). Let c = i + -1. What is the units digit of c?
3
Suppose 5*p - 18 - 27 = 0. Let n(k) = k - 3. Let y be n(5). Let s = p + y. What is the tens digit of s?
1
Suppose 2*b + 5*x = 9, 3*b = -4*x - 2 + 12. Let v be (-1 - -2) + 4/2. Suppose 5*h - 19 = b*q, -h - 5*q + 2*q - v = 0. What is the units digit of h?
3
Let z = 310 + -36. What is the hundreds digit of z?
2
Suppose 112 = 4*q - 40. Let h = -23 + q. What is the units digit of h?
5
Let n(y) = y**2 + 9*y. Let u be n(-9). Suppose 2*j + j - 51 = u. What is the tens digit of j?
1
Suppose -8*g + 25 = -3*g. Suppose 0 = -4*d + 51 + g. Let i = d - 8. What is the units digit of i?
6
Let w(f) = 5*f**2 + 1. Let y be w(-1). Suppose 5*i - 24 - y = 0. What is the units digit of i?
6
Suppose -22 = -h - h. Suppose 4*z = -8, 3*x - h = 2*z + 14. Let k = 20 - x. What is the units digit of k?
3
Let l = 0 + 3. Suppose l*i - 5 = -p + i, -4*p = 3*i. What is the units digit of 2/(-6) - 16/p?
5
Suppose 67 = 4*w - 49. What is the units digit of w?
9
Suppose t + c - 109 = -0*t, 5*t = -4*c + 540. What is the tens digit of t?
0
Let f = -296 + 507. What is the units digit of f?
1
Let i(j) = j + 1. Let z(k) = 2*k + 1. Let h(o) = -7*i(o) + 4*z(o). Let s be h(5). Suppose 7*x - 30 = s*x. What is the units digit of x?
6
Let a = 89 + -11. What is the tens digit of a?
7
Suppose -4*f = -5*z + 6, -3*z + f = -3*f - 2. Let u = 5 - z. Suppose 2*r = -u*r + 25. What is the units digit of r?
5
Let f(j) = j. Let g be f(9). What is the tens digit of (2/4)/(g/522)?
2
Let q(g) = g - 10. Let m be q(8). Let f = m + 15. What is the tens digit of f?
1
Let b(g) be the third derivative of -g**6/120 + g**5/10 + g**4/8 + 7*g**3/6 + 4*g**2. What is the tens digit of b(6)?
2
What is the units digit of -2*(-2)/(-4) + 28?
7
Suppose -3*h + 13 = -2*z, 4*h + z + 7 - 6 = 0. Suppose 4*c - 4 = 0, -4*k - 2*c + 37 = -h. What is the units digit of k?
9
Let m(a) = -a**2 + 2*a + 241. What is the hundreds digit of m(0)?
2
Let h be (-28)/10 + (-4)/20. What is the units digit of (h/(-3))/((-1)/(-12))?
2
Let c be -3 + (-6)/(-9)*9. Suppose -2*q + c*q = 3. What is the units digit of q?
3
Suppose -y + 26 = -0*y. What is the tens digit of y?
2
Let y(a) be the first derivative of -a**4/4 + 2*a**3/3 + 3*a**2/2 - 2*a + 1. What is the units digit of y(2)?
4
Let d(g) = -g**2 - 5*g - 7. Let j be d(-6). Suppose 0*p = -p + 24. Let h = p + j. What is the tens digit of h?
1
Let r = -19 - -13. What is the tens digit of r/(-15) - 178/(-5)?
3
Let n(d) = -d. Suppose 9 = 5*l + 3*z, -3*z + 7 = -2. Suppose -r - 1 = -l. What is the units digit of n(r)?
1
Suppose -3*r - v = -49, -5*v - 4 = -2*r + 6. What is the tens digit of r?
1
Let i = -325 + 508. What is the tens digit of i?
8
Suppose 0 = -u - 4 - 97. Let q be 0 - (-38 + 3 + -1). What is the tens digit of u/(-9) - 8/q?
1
Suppose 0 = -r - 0*r + 20. Suppose -d - 3*d + r = 0. Suppose -d*z - 26 = -86. What is the units digit of z?
2
Suppose 14 = 3*g - 4*h - 53, 3*g = -h + 77. Suppose p - 1 = -0*p. Suppose 0 = -5*q - 2*v + g, q + 1 = v - p. What is the units digit of q?
3
Let h(i) = 64*i - 12. What is the tens digit of h(2)?
1
Let b be (1 + -1 + 0)/(-3). Suppose -x + 3 = -4*x - 4*j, -2*j - 6 = b. What is the units digit of x?
3
Suppose 3*w = 13 + 203. What is the units digit of w?
2
Let q(p) = -2*p**3 + 3*p**2 + 4*p - 1. What is the hundreds digit of q(-4)?
1
Let j = 60 + -38. What is the units digit of j?
2
Let n(r) = 0*r - 7 - 2 - r - 4*r. What is the units digit of n(-6)?
1
Let j(i) = 4*i**2 + i - 22. What is the units digit of j(6)?
8
Let a(b) = -b**2 - 5*b + 6. Let s be a(-5). Let i be 0 - 3 - s/(-3). Let h(x) = -16*x**3 - x**2 - 2*x - 1. What is the units digit of h(i)?
6
Let v be (-3 - (-9)/2)*2. Suppose 14 = -k - 5*i, v*k + 3*i = 7*i + 15. What is the units digit of k/((6 - 3)/3)?
1
Suppose 0 = -0*q + 3*q - 6. Let m = 2 + -5. What is the units digit of m/(-5) + q/5?
1
Suppose -3*c - 4 + 1 = 0. Let m(o) = -6*o**2 + 1. Let n be m(c). What is the units digit of 2/(-5) + (-7)/n?
1
Let b(c) = 8*c**2 - 1. What is the tens digit of b(-3)?
7
Let r be (8/(-6))/((-8)/(-36)). Let k(m) = m + 10. What is the units digit of k(r)?
4
Let x = -323 - -703. What is the units digit of x?
0
What is the units digit of (-5)/((-20)/32) + 1?
9
Let u(h) = -15*h. Let d be u(-3). Suppose -5*x + 120 = d. What is the units digit of x?
5
Suppose 3*j - 35 = -4*d, -2*d - j + 30 = 3*j. Suppose 3*i - 3*p = -20 + 47, -d*p = 5*i - 15. What is the units digit of i?
6
Suppose -4*t + 2*t + 12 = 0. What is the units digit of t?
6
Let b = -10 - -10. Suppose -c - o = 4*o - 2, -5*o = b. What is the units digit of c?
2
Suppose -x = 3*x - 176. What is the units digit of x?
4
What is the tens digit of (73 - -1) + 7*(-6)/(-21)?
7
Let c(s) be the first derivative of s**5/60 - s**4/4 - 5*s**3/3 - s**2 + 3. Let a(g) be the second derivative of c(g). What is the units digit of a(8)?
6
Suppose 0 = p + a - 20, p =